{"id":3265,"date":"2024-09-04T15:44:07","date_gmt":"2024-09-04T15:44:07","guid":{"rendered":"https:\/\/www.urjc2030.es\/prus\/?page_id=3265"},"modified":"2024-09-05T08:03:06","modified_gmt":"2024-09-05T08:03:06","slug":"septiembre","status":"publish","type":"page","link":"https:\/\/www.urjc2030.es\/prus\/actividades-prus\/pdi-ptgas\/pdi-ptgas-2024-2025\/septiembre\/","title":{"rendered":"Actividades PDI-PTGAS Septiembre"},"content":{"rendered":"<p>[et_pb_section fb_built=\u00bb1&#8243; admin_label=\u00bbCABECERA\u00bb _builder_version=\u00bb4.16&#8243; _module_preset=\u00bbdefault\u00bb background_color=\u00bb#f2f2f2&#8243; background_enable_image=\u00bboff\u00bb custom_padding=\u00bb0px||0px||false|false\u00bb da_disable_devices=\u00bboff|off|off\u00bb global_colors_info=\u00bb{}\u00bb da_is_popup=\u00bboff\u00bb da_exit_intent=\u00bboff\u00bb da_has_close=\u00bbon\u00bb da_alt_close=\u00bboff\u00bb da_dark_close=\u00bboff\u00bb da_not_modal=\u00bbon\u00bb da_is_singular=\u00bboff\u00bb da_with_loader=\u00bboff\u00bb da_has_shadow=\u00bbon\u00bb][et_pb_row _builder_version=\u00bb4.16&#8243; _module_preset=\u00bbdefault\u00bb custom_padding=\u00bb25px||25px||false|false\u00bb global_colors_info=\u00bb{}\u00bb][et_pb_column type=\u00bb4_4&#8243; _builder_version=\u00bb4.16&#8243; _module_preset=\u00bbdefault\u00bb global_colors_info=\u00bb{}\u00bb][et_pb_text _builder_version=\u00bb4.27.0&#8243; _module_preset=\u00bbdefault\u00bb text_font=\u00bb|700|||||||\u00bb text_text_color=\u00bb#818181&#8243; text_font_size=\u00bb13px\u00bb text_letter_spacing=\u00bb0.5px\u00bb custom_margin=\u00bb0px||0px||false|false\u00bb custom_padding=\u00bb0px||0px||false|false\u00bb global_colors_info=\u00bb{}\u00bb]<a href=\"https:\/\/www.urjc2030.es\/prus\/actividades-prus\/pdi-ptgas\/\" class=\"color-grey\">Actividades PDI y PTGAS<\/a> &gt; <a href=\"https:\/\/www.urjc2030.es\/prus\/actividades-prus\/pdi-ptgas\/pdi-ptgas-2024-2025\/\">2024-2025<\/a> &gt; Septiembre[\/et_pb_text][\/et_pb_column][\/et_pb_row][\/et_pb_section][et_pb_section fb_built=\u00bb1&#8243; admin_label=\u00bbNOTICIAS\u00bb module_id=\u00bbestudiantes\u00bb _builder_version=\u00bb4.16&#8243; _module_preset=\u00bbdefault\u00bb background_color=\u00bb#ffffff\u00bb custom_padding=\u00bb34px||50px||false|false\u00bb bottom_divider_flip=\u00bbhorizontal\u00bb da_popup_slug=\u00bbestudiantes\u00bb da_disable_devices=\u00bboff|off|off\u00bb locked=\u00bboff\u00bb global_colors_info=\u00bb{}\u00bb da_is_popup=\u00bboff\u00bb da_exit_intent=\u00bboff\u00bb da_has_close=\u00bbon\u00bb da_alt_close=\u00bboff\u00bb da_dark_close=\u00bboff\u00bb da_not_modal=\u00bbon\u00bb da_is_singular=\u00bboff\u00bb da_with_loader=\u00bboff\u00bb da_has_shadow=\u00bbon\u00bb][et_pb_row _builder_version=\u00bb4.16&#8243; _module_preset=\u00bbdefault\u00bb custom_padding=\u00bb||3px||false|false\u00bb global_colors_info=\u00bb{}\u00bb][et_pb_column type=\u00bb4_4&#8243; _builder_version=\u00bb4.16&#8243; _module_preset=\u00bbdefault\u00bb global_colors_info=\u00bb{}\u00bb][et_pb_text module_class=\u00bbcolor-grey uppercase\u00bb _builder_version=\u00bb4.27.0&#8243; _module_preset=\u00bbdefault\u00bb text_font=\u00bbBebas Neue||||||||\u00bb text_font_size=\u00bb14px\u00bb header_font=\u00bb||||||||\u00bb header_2_font_size=\u00bb48px\u00bb header_2_line_height=\u00bb1.4em\u00bb header_4_text_align=\u00bbcenter\u00bb header_4_text_color=\u00bb#818181&#8243; header_4_font_size=\u00bb18.5px\u00bb header_4_letter_spacing=\u00bb1px\u00bb text_orientation=\u00bbcenter\u00bb custom_margin=\u00bb||0px||false|false\u00bb animation_style=\u00bbfade\u00bb header_2_font_size_tablet=\u00bb40px\u00bb header_2_font_size_phone=\u00bb40px\u00bb header_2_font_size_last_edited=\u00bbon|desktop\u00bb global_colors_info=\u00bb{}\u00bb]<\/p>\n<h4>Septiembre<\/h4>\n<p>[\/et_pb_text][et_pb_text module_class=\u00bbcolor-grey uppercase\u00bb _builder_version=\u00bb4.21.0&#8243; _module_preset=\u00bbdefault\u00bb text_font=\u00bbBebas Neue||||||||\u00bb text_font_size=\u00bb14px\u00bb header_2_font_size=\u00bb48px\u00bb header_2_line_height=\u00bb1.4em\u00bb text_orientation=\u00bbcenter\u00bb custom_margin=\u00bb||1%||false|false\u00bb animation_style=\u00bbfade\u00bb header_2_font_size_tablet=\u00bb40px\u00bb header_2_font_size_phone=\u00bb40px\u00bb header_2_font_size_last_edited=\u00bbon|desktop\u00bb global_colors_info=\u00bb{}\u00bb]<\/p>\n<h2><strong>ACTIVIDADES PARA PDI-PTGAS<\/strong><\/h2>\n<p>[\/et_pb_text][et_pb_text _builder_version=\u00bb4.16&#8243; _module_preset=\u00bbdefault\u00bb text_font=\u00bb||||||||\u00bb text_text_color=\u00bb#454545&#8243; text_orientation=\u00bbcenter\u00bb custom_margin=\u00bb0px||||false|false\u00bb locked=\u00bboff\u00bb global_colors_info=\u00bb{}\u00bb]<\/p>\n<p>S\u00f3lo puede inscribirse el Personal Docente e Investigador y el Personal de Administraci\u00f3n y Servicios de la URJC<\/p>\n<p>[\/et_pb_text][et_pb_divider divider_weight=\u00bb3px\u00bb _builder_version=\u00bb4.16&#8243; _module_preset=\u00bbdefault\u00bb width=\u00bb75px\u00bb module_alignment=\u00bbcenter\u00bb custom_margin=\u00bb||1%||false|false\u00bb global_colors_info=\u00bb{}\u00bb][\/et_pb_divider][\/et_pb_column][\/et_pb_row][et_pb_row _builder_version=\u00bb4.16&#8243; _module_preset=\u00bbdefault\u00bb min_height=\u00bb31px\u00bb custom_padding=\u00bb4px||4px||false|false\u00bb locked=\u00bboff\u00bb global_colors_info=\u00bb{}\u00bb][et_pb_column type=\u00bb4_4&#8243; _builder_version=\u00bb4.16&#8243; _module_preset=\u00bbdefault\u00bb global_colors_info=\u00bb{}\u00bb][et_pb_text module_class=\u00bbcolor-grey\u00bb _builder_version=\u00bb4.27.0&#8243; _module_preset=\u00bbdefault\u00bb text_font=\u00bbBebas Neue||||||||\u00bb text_font_size=\u00bb14px\u00bb header_2_font_size=\u00bb48px\u00bb header_2_line_height=\u00bb1.4em\u00bb header_3_font=\u00bb|300|||||||\u00bb header_3_text_color=\u00bb#cb0017&#8243; header_3_font_size=\u00bb30px\u00bb custom_margin=\u00bb-5px||1%||false|false\u00bb animation_style=\u00bbfade\u00bb header_2_font_size_tablet=\u00bb40px\u00bb header_2_font_size_phone=\u00bb40px\u00bb header_2_font_size_last_edited=\u00bbon|tablet\u00bb global_colors_info=\u00bb{}\u00bb]<\/p>\n<h3>SEMINARIO \u201cSALUD MENTAL: HERRAMIENTAS PARA EL D\u00cdA A D\u00cdA\u201d<\/h3>\n<p>[\/et_pb_text][et_pb_divider color=\u00bb#454545&#8243; divider_weight=\u00bb3px\u00bb admin_label=\u00bbSeparador\u00bb _builder_version=\u00bb4.16&#8243; _module_preset=\u00bbdefault\u00bb width=\u00bb40px\u00bb module_alignment=\u00bbleft\u00bb custom_margin=\u00bb||0px||false|false\u00bb custom_padding=\u00bb||0px||false|false\u00bb global_colors_info=\u00bb{}\u00bb][\/et_pb_divider][\/et_pb_column][\/et_pb_row][et_pb_row _builder_version=\u00bb4.16&#8243; _module_preset=\u00bbdefault\u00bb custom_padding=\u00bb4px||||false|false\u00bb locked=\u00bboff\u00bb global_colors_info=\u00bb{}\u00bb][et_pb_column type=\u00bb4_4&#8243; _builder_version=\u00bb4.16&#8243; _module_preset=\u00bbdefault\u00bb global_colors_info=\u00bb{}\u00bb][et_pb_text _builder_version=\u00bb4.27.0&#8243; _module_preset=\u00bbdefault\u00bb text_font=\u00bb||||||||\u00bb text_text_color=\u00bb#454545&#8243; locked=\u00bboff\u00bb global_colors_info=\u00bb{}\u00bb]<\/p>\n<p>La Oficina Universidad Saludable organiza un seminario de dos sesiones para conocer mejor qu\u00e9 es la salud mental y qu\u00e9 herramientas podemos poner en marcha en el d\u00eda a d\u00eda para construirla y fortalecerla.<\/p>\n<p>[\/et_pb_text][et_pb_text _builder_version=\u00bb4.27.0&#8243; _module_preset=\u00bbdefault\u00bb text_font=\u00bb||||||||\u00bb ul_font=\u00bb||||||||\u00bb ul_text_color=\u00bb#454545&#8243; text_orientation=\u00bbjustified\u00bb custom_margin=\u00bb||10px||false|false\u00bb locked=\u00bboff\u00bb global_colors_info=\u00bb{}\u00bb]<\/p>\n<ul>\n<li><u>Fechas y horarios:<\/u><strong> 16 y 23 de septiembre de 2024 (14\u201930h a 16\u201930h). <\/strong><\/li>\n<li><strong><\/strong><u>Modalidad:<\/u> <strong>ONLINE a trav\u00e9s de Teams (NO queda grabado).<\/strong><\/li>\n<li><strong><\/strong><u>Impartido por:<\/u><strong> Silvia Cruz. <\/strong>Psic\u00f3loga de la Oficina Universidad Saludable<\/li>\n<\/ul>\n<ul><\/ul>\n<p><strong><a href=\"https:\/\/www.urjc2030.es\/prus\/actividad\/seminario-salud-mental-herramientas-para-el-dia-a-dia-24-25-pdi-ptgas\/\"><span style=\"text-decoration: underline;\">Programa aqu\u00ed<\/span><\/a><\/strong><\/p>\n<p><strong><span style=\"text-decoration: underline;\"><a href=\"https:\/\/forms.office.com\/e\/8EzvGXch5d\" target=\"_blank\" rel=\"noopener\">Inscripci\u00f3n aqu\u00ed<\/a><\/span><\/strong><\/p>\n<p>[\/et_pb_text][\/et_pb_column][\/et_pb_row][et_pb_row _builder_version=\u00bb4.16&#8243; _module_preset=\u00bbdefault\u00bb min_height=\u00bb31px\u00bb custom_padding=\u00bb4px||4px||false|false\u00bb locked=\u00bboff\u00bb global_colors_info=\u00bb{}\u00bb][et_pb_column type=\u00bb4_4&#8243; _builder_version=\u00bb4.16&#8243; _module_preset=\u00bbdefault\u00bb global_colors_info=\u00bb{}\u00bb][et_pb_text module_class=\u00bbcolor-grey\u00bb _builder_version=\u00bb4.27.0&#8243; _module_preset=\u00bbdefault\u00bb text_font=\u00bbBebas Neue||||||||\u00bb text_font_size=\u00bb14px\u00bb header_2_font_size=\u00bb48px\u00bb header_2_line_height=\u00bb1.4em\u00bb header_3_font=\u00bb|300|||||||\u00bb header_3_text_color=\u00bb#cb0017&#8243; header_3_font_size=\u00bb30px\u00bb custom_margin=\u00bb-5px||1%||false|false\u00bb animation_style=\u00bbfade\u00bb header_2_font_size_tablet=\u00bb40px\u00bb header_2_font_size_phone=\u00bb40px\u00bb header_2_font_size_last_edited=\u00bbon|tablet\u00bb global_colors_info=\u00bb{}\u00bb]<\/p>\n<h3>\u201cESPACIO DE RELAJACI\u00d3N\u201d<\/h3>\n<p>[\/et_pb_text][et_pb_divider color=\u00bb#454545&#8243; divider_weight=\u00bb3px\u00bb admin_label=\u00bbSeparador\u00bb _builder_version=\u00bb4.16&#8243; _module_preset=\u00bbdefault\u00bb width=\u00bb40px\u00bb module_alignment=\u00bbleft\u00bb custom_margin=\u00bb||0px||false|false\u00bb custom_padding=\u00bb||0px||false|false\u00bb global_colors_info=\u00bb{}\u00bb][\/et_pb_divider][\/et_pb_column][\/et_pb_row][et_pb_row _builder_version=\u00bb4.16&#8243; _module_preset=\u00bbdefault\u00bb custom_padding=\u00bb4px||||false|false\u00bb locked=\u00bboff\u00bb global_colors_info=\u00bb{}\u00bb][et_pb_column type=\u00bb4_4&#8243; _builder_version=\u00bb4.16&#8243; _module_preset=\u00bbdefault\u00bb global_colors_info=\u00bb{}\u00bb][et_pb_text _builder_version=\u00bb4.27.0&#8243; _module_preset=\u00bbdefault\u00bb text_font=\u00bb||||||||\u00bb text_text_color=\u00bb#454545&#8243; locked=\u00bboff\u00bb global_colors_info=\u00bb{}\u00bb]<\/p>\n<p>La Oficina Universidad Saludable organiza e imparte un taller <strong>PRESENCIAL<\/strong> de una sola sesi\u00f3n para introducirse en la pr\u00e1ctica de la relajaci\u00f3n y la atenci\u00f3n plena.<\/p>\n<p>[\/et_pb_text][et_pb_text _builder_version=\u00bb4.27.0&#8243; _module_preset=\u00bbdefault\u00bb text_font=\u00bb||||||||\u00bb ul_font=\u00bb||||||||\u00bb ul_text_color=\u00bb#454545&#8243; text_orientation=\u00bbjustified\u00bb custom_margin=\u00bb||10px||false|false\u00bb hover_enabled=\u00bb0&#8243; locked=\u00bboff\u00bb global_colors_info=\u00bb{}\u00bb sticky_enabled=\u00bb0&#8243;]<\/p>\n<ul>\n<li><u>Fechas<\/u>: <strong>25 de septiembre 2024 (13 -14h). <\/strong><\/li>\n<li><strong><\/strong><u>Lugar:<\/u> <strong>CAMPUS DE <\/strong><strong>M\u00d3STOLES.<\/strong><strong> *<\/strong>*Se indicar\u00e1 aula en el correo de confirmaci\u00f3n.<\/li>\n<li><u>Impartido por:<\/u><strong> Ainhoa Romero. <\/strong>Psic\u00f3loga de la Oficina Universidad Saludable.<\/li>\n<\/ul>\n<ul><\/ul>\n<ul><\/ul>\n<p><strong><a href=\"https:\/\/www.urjc2030.es\/prus\/actividad\/espacio-de-relajacion-24-25-pdi-ptgas\/\"><span style=\"text-decoration: underline;\">Programa aqu\u00ed<\/span><\/a><\/strong><\/p>\n<p><strong><span style=\"text-decoration: underline;\"><a href=\"https:\/\/forms.office.com\/e\/gJTsFrb60P\" target=\"_blank\" rel=\"noopener\">Inscripci\u00f3n aqu\u00ed<\/a><\/span><\/strong>[\/et_pb_text][\/et_pb_column][\/et_pb_row][\/et_pb_section]<\/p>\n","protected":false},"excerpt":{"rendered":"<p>Actividades PDI y PTGAS &gt; 2024-2025 &gt; SeptiembreSeptiembreACTIVIDADES PARA PDI-PTGASS\u00f3lo puede inscribirse el Personal Docente e Investigador y el Personal de Administraci\u00f3n y Servicios de la URJCSEMINARIO \u201cSALUD MENTAL: HERRAMIENTAS PARA EL D\u00cdA A D\u00cdA\u201dLa Oficina Universidad Saludable organiza un seminario de dos sesiones para conocer mejor qu\u00e9 es la salud mental y qu\u00e9 herramientas [&hellip;]<\/p>\n","protected":false},"author":10,"featured_media":37,"parent":3240,"menu_order":0,"comment_status":"closed","ping_status":"closed","template":"","meta":{"_et_pb_use_builder":"on","_et_pb_old_content":"","_et_gb_content_width":"","cybocfi_hide_featured_image":"","footnotes":""},"class_list":["post-3265","page","type-page","status-publish","has-post-thumbnail","hentry"],"yoast_head":"<!-- This site is optimized with the Yoast SEO plugin v27.5 - https:\/\/yoast.com\/product\/yoast-seo-wordpress\/ -->\n<title>Actividades PDI-PTGAS Septiembre - Oficina Universidad Saludable<\/title>\n<meta name=\"robots\" content=\"index, follow, max-snippet:-1, max-image-preview:large, max-video-preview:-1\" \/>\n<link rel=\"canonical\" href=\"https:\/\/www.urjc2030.es\/prus\/actividades-prus\/pdi-ptgas\/pdi-ptgas-2024-2025\/septiembre\/\" \/>\n<meta property=\"og:locale\" content=\"es_ES\" \/>\n<meta property=\"og:type\" content=\"article\" \/>\n<meta property=\"og:title\" content=\"Actividades PDI-PTGAS Septiembre - Oficina Universidad Saludable\" \/>\n<meta property=\"og:description\" content=\"Actividades PDI y PTGAS &gt; 2024-2025 &gt; SeptiembreSeptiembreACTIVIDADES PARA PDI-PTGASS\u00f3lo puede inscribirse el Personal Docente e Investigador y el Personal de Administraci\u00f3n y Servicios de la URJCSEMINARIO \u201cSALUD MENTAL: HERRAMIENTAS PARA EL D\u00cdA A D\u00cdA\u201dLa Oficina Universidad Saludable organiza un seminario de dos sesiones para conocer mejor qu\u00e9 es la salud mental y qu\u00e9 herramientas [&hellip;]\" \/>\n<meta property=\"og:url\" content=\"https:\/\/www.urjc2030.es\/prus\/actividades-prus\/pdi-ptgas\/pdi-ptgas-2024-2025\/septiembre\/\" \/>\n<meta property=\"og:site_name\" content=\"Oficina Universidad Saludable\" \/>\n<meta property=\"article:publisher\" content=\"https:\/\/www.facebook.com\/universidadreyjuancarlos\" \/>\n<meta property=\"article:modified_time\" content=\"2024-09-05T08:03:06+00:00\" \/>\n<meta property=\"og:image\" content=\"https:\/\/www.urjc2030.es\/prus\/wp-content\/uploads\/sites\/11\/2020\/10\/img-post.jpg\" \/>\n\t<meta property=\"og:image:width\" content=\"600\" \/>\n\t<meta property=\"og:image:height\" content=\"413\" \/>\n\t<meta property=\"og:image:type\" content=\"image\/jpeg\" \/>\n<meta name=\"twitter:card\" content=\"summary_large_image\" \/>\n<meta name=\"twitter:site\" content=\"@urjc\" \/>\n<script type=\"application\/ld+json\" class=\"yoast-schema-graph\">{\"@context\":\"https:\\\/\\\/schema.org\",\"@graph\":[{\"@type\":\"WebPage\",\"@id\":\"https:\\\/\\\/www.urjc2030.es\\\/prus\\\/actividades-prus\\\/pdi-ptgas\\\/pdi-ptgas-2024-2025\\\/septiembre\\\/\",\"url\":\"https:\\\/\\\/www.urjc2030.es\\\/prus\\\/actividades-prus\\\/pdi-ptgas\\\/pdi-ptgas-2024-2025\\\/septiembre\\\/\",\"name\":\"Actividades PDI-PTGAS Septiembre - Oficina Universidad Saludable\",\"isPartOf\":{\"@id\":\"https:\\\/\\\/www.urjc2030.es\\\/prus\\\/#website\"},\"primaryImageOfPage\":{\"@id\":\"https:\\\/\\\/www.urjc2030.es\\\/prus\\\/actividades-prus\\\/pdi-ptgas\\\/pdi-ptgas-2024-2025\\\/septiembre\\\/#primaryimage\"},\"image\":{\"@id\":\"https:\\\/\\\/www.urjc2030.es\\\/prus\\\/actividades-prus\\\/pdi-ptgas\\\/pdi-ptgas-2024-2025\\\/septiembre\\\/#primaryimage\"},\"thumbnailUrl\":\"https:\\\/\\\/www.urjc2030.es\\\/prus\\\/wp-content\\\/uploads\\\/sites\\\/11\\\/2020\\\/10\\\/img-post.jpg\",\"datePublished\":\"2024-09-04T15:44:07+00:00\",\"dateModified\":\"2024-09-05T08:03:06+00:00\",\"breadcrumb\":{\"@id\":\"https:\\\/\\\/www.urjc2030.es\\\/prus\\\/actividades-prus\\\/pdi-ptgas\\\/pdi-ptgas-2024-2025\\\/septiembre\\\/#breadcrumb\"},\"inLanguage\":\"es\",\"potentialAction\":[{\"@type\":\"ReadAction\",\"target\":[\"https:\\\/\\\/www.urjc2030.es\\\/prus\\\/actividades-prus\\\/pdi-ptgas\\\/pdi-ptgas-2024-2025\\\/septiembre\\\/\"]}]},{\"@type\":\"ImageObject\",\"inLanguage\":\"es\",\"@id\":\"https:\\\/\\\/www.urjc2030.es\\\/prus\\\/actividades-prus\\\/pdi-ptgas\\\/pdi-ptgas-2024-2025\\\/septiembre\\\/#primaryimage\",\"url\":\"https:\\\/\\\/www.urjc2030.es\\\/prus\\\/wp-content\\\/uploads\\\/sites\\\/11\\\/2020\\\/10\\\/img-post.jpg\",\"contentUrl\":\"https:\\\/\\\/www.urjc2030.es\\\/prus\\\/wp-content\\\/uploads\\\/sites\\\/11\\\/2020\\\/10\\\/img-post.jpg\",\"width\":600,\"height\":413,\"caption\":\"Logotipo Universidad Rey Juan Carlos\"},{\"@type\":\"BreadcrumbList\",\"@id\":\"https:\\\/\\\/www.urjc2030.es\\\/prus\\\/actividades-prus\\\/pdi-ptgas\\\/pdi-ptgas-2024-2025\\\/septiembre\\\/#breadcrumb\",\"itemListElement\":[{\"@type\":\"ListItem\",\"position\":1,\"name\":\"Portada\",\"item\":\"https:\\\/\\\/www.urjc2030.es\\\/prus\\\/\"},{\"@type\":\"ListItem\",\"position\":2,\"name\":\"Actividades Programa Universidad Saludable\",\"item\":\"https:\\\/\\\/www.urjc2030.es\\\/prus\\\/actividades-prus\\\/\"},{\"@type\":\"ListItem\",\"position\":3,\"name\":\"Actividades PDI-PTGAS\",\"item\":\"https:\\\/\\\/www.urjc2030.es\\\/prus\\\/actividades-prus\\\/pdi-ptgas\\\/\"},{\"@type\":\"ListItem\",\"position\":4,\"name\":\"Actividades PDI-PTGAS 2024-2025\",\"item\":\"https:\\\/\\\/www.urjc2030.es\\\/prus\\\/actividades-prus\\\/pdi-ptgas\\\/pdi-ptgas-2024-2025\\\/\"},{\"@type\":\"ListItem\",\"position\":5,\"name\":\"Actividades PDI-PTGAS Septiembre\"}]},{\"@type\":\"WebSite\",\"@id\":\"https:\\\/\\\/www.urjc2030.es\\\/prus\\\/#website\",\"url\":\"https:\\\/\\\/www.urjc2030.es\\\/prus\\\/\",\"name\":\"Oficina Universidad Saludable\",\"description\":\"Colaboramos para hacer de la URJC un entorno promotor de salud para las personas que trabajamos y estudiamos en ella\",\"publisher\":{\"@id\":\"https:\\\/\\\/www.urjc2030.es\\\/prus\\\/#organization\"},\"potentialAction\":[{\"@type\":\"SearchAction\",\"target\":{\"@type\":\"EntryPoint\",\"urlTemplate\":\"https:\\\/\\\/www.urjc2030.es\\\/prus\\\/?s={search_term_string}\"},\"query-input\":{\"@type\":\"PropertyValueSpecification\",\"valueRequired\":true,\"valueName\":\"search_term_string\"}}],\"inLanguage\":\"es\"},{\"@type\":\"Organization\",\"@id\":\"https:\\\/\\\/www.urjc2030.es\\\/prus\\\/#organization\",\"name\":\"Universidad Rey Juan Carlos\",\"url\":\"https:\\\/\\\/www.urjc2030.es\\\/prus\\\/\",\"logo\":{\"@type\":\"ImageObject\",\"inLanguage\":\"es\",\"@id\":\"https:\\\/\\\/www.urjc2030.es\\\/prus\\\/#\\\/schema\\\/logo\\\/image\\\/\",\"url\":\"https:\\\/\\\/www.urjc2030.es\\\/prus\\\/wp-content\\\/uploads\\\/sites\\\/11\\\/2020\\\/10\\\/logoURJC.png\",\"contentUrl\":\"https:\\\/\\\/www.urjc2030.es\\\/prus\\\/wp-content\\\/uploads\\\/sites\\\/11\\\/2020\\\/10\\\/logoURJC.png\",\"width\":800,\"height\":305,\"caption\":\"Universidad Rey Juan Carlos\"},\"image\":{\"@id\":\"https:\\\/\\\/www.urjc2030.es\\\/prus\\\/#\\\/schema\\\/logo\\\/image\\\/\"},\"sameAs\":[\"https:\\\/\\\/www.facebook.com\\\/universidadreyjuancarlos\",\"https:\\\/\\\/x.com\\\/urjc\",\"https:\\\/\\\/www.instagram.com\\\/urjc_uni\\\/?hl=es\"]}]}<\/script>\n<!-- \/ Yoast SEO plugin. -->","yoast_head_json":{"title":"Actividades PDI-PTGAS Septiembre - Oficina Universidad Saludable","robots":{"index":"index","follow":"follow","max-snippet":"max-snippet:-1","max-image-preview":"max-image-preview:large","max-video-preview":"max-video-preview:-1"},"canonical":"https:\/\/www.urjc2030.es\/prus\/actividades-prus\/pdi-ptgas\/pdi-ptgas-2024-2025\/septiembre\/","og_locale":"es_ES","og_type":"article","og_title":"Actividades PDI-PTGAS Septiembre - Oficina Universidad Saludable","og_description":"Actividades PDI y PTGAS &gt; 2024-2025 &gt; SeptiembreSeptiembreACTIVIDADES PARA PDI-PTGASS\u00f3lo puede inscribirse el Personal Docente e Investigador y el Personal de Administraci\u00f3n y Servicios de la URJCSEMINARIO \u201cSALUD MENTAL: HERRAMIENTAS PARA EL D\u00cdA A D\u00cdA\u201dLa Oficina Universidad Saludable organiza un seminario de dos sesiones para conocer mejor qu\u00e9 es la salud mental y qu\u00e9 herramientas [&hellip;]","og_url":"https:\/\/www.urjc2030.es\/prus\/actividades-prus\/pdi-ptgas\/pdi-ptgas-2024-2025\/septiembre\/","og_site_name":"Oficina Universidad Saludable","article_publisher":"https:\/\/www.facebook.com\/universidadreyjuancarlos","article_modified_time":"2024-09-05T08:03:06+00:00","og_image":[{"width":600,"height":413,"url":"https:\/\/www.urjc2030.es\/prus\/wp-content\/uploads\/sites\/11\/2020\/10\/img-post.jpg","type":"image\/jpeg"}],"twitter_card":"summary_large_image","twitter_site":"@urjc","schema":{"@context":"https:\/\/schema.org","@graph":[{"@type":"WebPage","@id":"https:\/\/www.urjc2030.es\/prus\/actividades-prus\/pdi-ptgas\/pdi-ptgas-2024-2025\/septiembre\/","url":"https:\/\/www.urjc2030.es\/prus\/actividades-prus\/pdi-ptgas\/pdi-ptgas-2024-2025\/septiembre\/","name":"Actividades PDI-PTGAS Septiembre - Oficina Universidad Saludable","isPartOf":{"@id":"https:\/\/www.urjc2030.es\/prus\/#website"},"primaryImageOfPage":{"@id":"https:\/\/www.urjc2030.es\/prus\/actividades-prus\/pdi-ptgas\/pdi-ptgas-2024-2025\/septiembre\/#primaryimage"},"image":{"@id":"https:\/\/www.urjc2030.es\/prus\/actividades-prus\/pdi-ptgas\/pdi-ptgas-2024-2025\/septiembre\/#primaryimage"},"thumbnailUrl":"https:\/\/www.urjc2030.es\/prus\/wp-content\/uploads\/sites\/11\/2020\/10\/img-post.jpg","datePublished":"2024-09-04T15:44:07+00:00","dateModified":"2024-09-05T08:03:06+00:00","breadcrumb":{"@id":"https:\/\/www.urjc2030.es\/prus\/actividades-prus\/pdi-ptgas\/pdi-ptgas-2024-2025\/septiembre\/#breadcrumb"},"inLanguage":"es","potentialAction":[{"@type":"ReadAction","target":["https:\/\/www.urjc2030.es\/prus\/actividades-prus\/pdi-ptgas\/pdi-ptgas-2024-2025\/septiembre\/"]}]},{"@type":"ImageObject","inLanguage":"es","@id":"https:\/\/www.urjc2030.es\/prus\/actividades-prus\/pdi-ptgas\/pdi-ptgas-2024-2025\/septiembre\/#primaryimage","url":"https:\/\/www.urjc2030.es\/prus\/wp-content\/uploads\/sites\/11\/2020\/10\/img-post.jpg","contentUrl":"https:\/\/www.urjc2030.es\/prus\/wp-content\/uploads\/sites\/11\/2020\/10\/img-post.jpg","width":600,"height":413,"caption":"Logotipo Universidad Rey Juan Carlos"},{"@type":"BreadcrumbList","@id":"https:\/\/www.urjc2030.es\/prus\/actividades-prus\/pdi-ptgas\/pdi-ptgas-2024-2025\/septiembre\/#breadcrumb","itemListElement":[{"@type":"ListItem","position":1,"name":"Portada","item":"https:\/\/www.urjc2030.es\/prus\/"},{"@type":"ListItem","position":2,"name":"Actividades Programa Universidad Saludable","item":"https:\/\/www.urjc2030.es\/prus\/actividades-prus\/"},{"@type":"ListItem","position":3,"name":"Actividades PDI-PTGAS","item":"https:\/\/www.urjc2030.es\/prus\/actividades-prus\/pdi-ptgas\/"},{"@type":"ListItem","position":4,"name":"Actividades PDI-PTGAS 2024-2025","item":"https:\/\/www.urjc2030.es\/prus\/actividades-prus\/pdi-ptgas\/pdi-ptgas-2024-2025\/"},{"@type":"ListItem","position":5,"name":"Actividades PDI-PTGAS Septiembre"}]},{"@type":"WebSite","@id":"https:\/\/www.urjc2030.es\/prus\/#website","url":"https:\/\/www.urjc2030.es\/prus\/","name":"Oficina Universidad Saludable","description":"Colaboramos para hacer de la URJC un entorno promotor de salud para las personas que trabajamos y estudiamos en ella","publisher":{"@id":"https:\/\/www.urjc2030.es\/prus\/#organization"},"potentialAction":[{"@type":"SearchAction","target":{"@type":"EntryPoint","urlTemplate":"https:\/\/www.urjc2030.es\/prus\/?s={search_term_string}"},"query-input":{"@type":"PropertyValueSpecification","valueRequired":true,"valueName":"search_term_string"}}],"inLanguage":"es"},{"@type":"Organization","@id":"https:\/\/www.urjc2030.es\/prus\/#organization","name":"Universidad Rey Juan Carlos","url":"https:\/\/www.urjc2030.es\/prus\/","logo":{"@type":"ImageObject","inLanguage":"es","@id":"https:\/\/www.urjc2030.es\/prus\/#\/schema\/logo\/image\/","url":"https:\/\/www.urjc2030.es\/prus\/wp-content\/uploads\/sites\/11\/2020\/10\/logoURJC.png","contentUrl":"https:\/\/www.urjc2030.es\/prus\/wp-content\/uploads\/sites\/11\/2020\/10\/logoURJC.png","width":800,"height":305,"caption":"Universidad Rey Juan Carlos"},"image":{"@id":"https:\/\/www.urjc2030.es\/prus\/#\/schema\/logo\/image\/"},"sameAs":["https:\/\/www.facebook.com\/universidadreyjuancarlos","https:\/\/x.com\/urjc","https:\/\/www.instagram.com\/urjc_uni\/?hl=es"]}]}},"_links":{"self":[{"href":"https:\/\/www.urjc2030.es\/prus\/wp-json\/wp\/v2\/pages\/3265","targetHints":{"allow":["GET"]}}],"collection":[{"href":"https:\/\/www.urjc2030.es\/prus\/wp-json\/wp\/v2\/pages"}],"about":[{"href":"https:\/\/www.urjc2030.es\/prus\/wp-json\/wp\/v2\/types\/page"}],"author":[{"embeddable":true,"href":"https:\/\/www.urjc2030.es\/prus\/wp-json\/wp\/v2\/users\/10"}],"replies":[{"embeddable":true,"href":"https:\/\/www.urjc2030.es\/prus\/wp-json\/wp\/v2\/comments?post=3265"}],"version-history":[{"count":3,"href":"https:\/\/www.urjc2030.es\/prus\/wp-json\/wp\/v2\/pages\/3265\/revisions"}],"predecessor-version":[{"id":3271,"href":"https:\/\/www.urjc2030.es\/prus\/wp-json\/wp\/v2\/pages\/3265\/revisions\/3271"}],"up":[{"embeddable":true,"href":"https:\/\/www.urjc2030.es\/prus\/wp-json\/wp\/v2\/pages\/3240"}],"wp:featuredmedia":[{"embeddable":true,"href":"https:\/\/www.urjc2030.es\/prus\/wp-json\/wp\/v2\/media\/37"}],"wp:attachment":[{"href":"https:\/\/www.urjc2030.es\/prus\/wp-json\/wp\/v2\/media?parent=3265"}],"curies":[{"name":"wp","href":"https:\/\/api.w.org\/{rel}","templated":true}]}}